ulate the greatest common factor of 2790 and 747682335.
1395
Calculate the highest common divisor of 357 and 3090507.
21
What is the greatest common factor of 2800 and 18176816?
112
What is the greatest common divisor of 4454010 and 484?
242
Calculate the highest common divisor of 2101 and 80029.
191
Calculate the highest common divisor of 931 and 268156462.
133
Calculate the highest common factor of 1128827182 and 14.
14
Calculate the greatest common divisor of 240 and 887790.
30
What is the highest common divisor of 44789632 and 128?
128
What is the greatest common factor of 13927 and 75829?
19
Calculate the highest common factor of 1007 and 21541801.
19
Calculate the highest common divisor of 5100 and 209900.
100
What is the highest common factor of 4128957 and 3843?
63
Calculate the highest common factor of 259 and 749558691.
259
What is the greatest common factor of 50 and 208811470?
10
Calculate the highest common divisor of 97485002 and 4126.
4126
What is the greatest common factor of 2560820 and 41515?
2185
Calculate the greatest common divisor of 870 and 344082.
6
What is the greatest common factor of 53520168 and 72?
24
Calculate the highest common divisor of 1470787692 and 132.
132
Calculate the highest common divisor of 20817797 and 217217.
7007
Calculate the highest common divisor of 24 and 64948152.
24
What is the greatest common divisor of 8891775 and 26325?
2025
Calculate the highest common factor of 18 and 636237.
9
What is the highest common divisor of 3977 and 43829?
41
Calculate the greatest common divisor of 1997187030 and 1020.
510
What is the highest common factor of 101795 and 1439?
1
Calculate the greatest common divisor of 1285200 and 735.
105
What is the greatest common divisor of 13753493 and 221?
221
Calculate the greatest common factor of 202 and 4554898.
202
What is the highest common divisor of 8 and 570780632?
8
What is the greatest common divisor of 16487178 and 16014?
102
Calculate the greatest common factor of 32 and 18824320.
32
Calculate the greatest common divisor of 725 and 21200653.
29
Calculate the greatest common factor of 565 and 216036564.
113
What is the greatest common divisor of 4 and 536128816?
4
Calculate the greatest common divisor of 1030855 and 140.
35
What is the highest common factor of 297364 and 204748?
68
What is the highest common divisor of 218 and 22144?
2
What is the greatest common factor of 199290 and 287898?
78
Calculate the highest common divisor of 6573 and 611751.
21
Calculate the highest common factor of 130270930 and 56770.
8110
Calculate the highest common factor of 22951803 and 88726.
4033
What is the highest common divisor of 200 and 431784?
8
Calculate the highest common factor of 4526327 and 5239.
169
Calculate the highest common factor of 2284 and 3347202.
1142
Calculate the greatest common divisor of 246602 and 179554.
34
What is the greatest common divisor of 51004 and 19024?
164
Calculate the highest common factor of 8 and 111161992.
8
What is the greatest common divisor of 424116 and 1242?
54
What is the highest common factor of 20416 and 6031768?
232
What is the highest common factor of 128280 and 96925161?
3207
Calculate the highest common divisor of 2659034 and 224.
14
Calculate the greatest common factor of 445120 and 3185.
65
What is the greatest common factor of 432 and 30971592?
216
Calculate the greatest common factor of 18600 and 30675.
75
Calculate the greatest common factor of 38701 and 3265080.
169
Calculate the greatest common factor of 5610 and 12645435.
165
Calculate the greatest common factor of 25926696 and 162.
54
Calculate the highest common factor of 5199 and 211715411.
1733
Calculate the greatest common divisor of 10 and 2027665.
5
Calculate the highest common factor of 1190 and 10380727.
119
Calculate the greatest common divisor of 32655 and 137760.
105
Calculate the greatest common divisor of 74844 and 12592272.
924
What is the highest common divisor of 179951971 and 4197?
1399
Calculate the highest common divisor of 8062 and 10955702.
278
Calculate the highest common factor of 544 and 561248.
32
What is the highest common divisor of 430 and 11396505?
215
Calculate the highest common divisor of 154 and 4241356.
14
What is the highest common divisor of 1043627222 and 22?
22
What is the highest common factor of 25664260 and 1552?
388
Calculate the greatest common divisor of 63 and 3085650.
9
What is the highest common factor of 787892000 and 100?
100
Calculate the greatest common divisor of 408 and 4783256.
136
What is the highest common divisor of 112409 and 118912?
929
Calculate the greatest common divisor of 138437205 and 85.
85
Calculate the highest common factor of 2445740 and 3380.
20
What is the greatest common divisor of 2 and 21452007?
1
What is the highest common divisor of 106580 and 314630?
730
Calculate the highest common factor of 3058430 and 21660.
190
Calculate the greatest common divisor of 2501473 and 67743.
2509
Calculate the greatest common divisor of 248625 and 4199.
221
What is the greatest common factor of 306564016 and 2288?
176
Calculate the greatest common factor of 9310532 and 304.
76
Calculate the greatest common divisor of 2058 and 4382168.
686
Calculate the highest common divisor of 4848704 and 9401.
553
Calculate the greatest common factor of 360840 and 42.
6
What is the greatest common factor of 2070 and 91440?
90
Calculate the highest common divisor of 1383496 and 394696.
824
Calculate the greatest common factor of 101243 and 657326.
137
What is the highest common factor of 2085 and 1295265?
15
What is the greatest common factor of 4629037 and 3423?
1141
What is the greatest common divisor of 417 and 30164529?
417
What is the greatest common factor of 222761831 and 46?
23
What is the highest common divisor of 44702 and 7241003?
721
Calculate the highest common divisor of 26867 and 596287.
401
What is the greatest common factor of 4117488 and 1152?
48
What is the greatest common divisor of 83934 and 39519?
9
What is the greatest common factor of 169727 and 131214?
19
What is the greatest common divisor of 3374139 and 1272?
159
What is the highest common divisor of 205974 and 13?
1
Calculate the highest common divisor of 273592736 and 32.
32
What is the highest common divisor of 26688277 and 14?
7
What is the greatest common factor of 5 and 411823?
1
Calculate the greatest common divisor of 704394691 and 2002.
1001
What is the greatest common factor of 6492076 and 14803?
113
What is the greatest common divisor of 14690 and 557110?
10
Calculate the highest common divisor of 921389 and 63.
7
Calculate the highest common divisor of 1055652 and 1196.
52
What is the highest common factor of 44595808 and 448?
32
Calculate the greatest common factor of 129 and 831782841.
129
Calculate the greatest common factor of 2995608 and 14652.
132
Calculate the highest common factor of 703105 and 88595.
1885
Calculate the greatest common factor of 9251 and 3826550.
841
What is the highest common factor of 670365 and 5445?
45
Calculate the highest common divisor of 5897603 and 3755.
751
What is the highest common divisor of 9 and 22260969?
9
Calculate the greatest common divisor of 8937 and 78192.
27
What is the highest common factor of 811 and 126444632?
811
What is the highest common factor of 70 and 2067892505?
35
What is the highest common factor of 4503 and 3379740159?
4503
Calculate the greatest common divisor of 2483338 and 7458697.
8683
Calculate the greatest common factor of 4696 and 3360969464.
4696
Calculate the greatest common divisor of 88 and 80888819.
11
Calculate the highest common factor of 68 and 7087827.
17
Calculate the greatest common factor of 52623 and 801.
9
Calculate the highest common divisor of 32894 and 1582.
2
What is the highest common divisor of 8526155 and 380?
95
What is the highest common factor of 115 and 90471627?
23
Calculate the greatest common divisor of 830 and 170133815.
415
Calculate the highest common divisor of 119333 and 93953.
47
What is the greatest common divisor of 4891536 and 66196?
3484
What is the highest common factor of 18108486 and 22?
22
What is the greatest common divisor of 3869883 and 99?
9
Calculate the highest common factor of 139 and 36671953.
139
Calculate the highe